 - 2*c. Is p a composite number?
False
Let h be (-2 - -40) + -6 + 2. Is h/(-6)*(-312)/8 a prime number?
False
Suppose 1 = -3*w + 34. Suppose 3*t + 32 = w. Let c(a) = -46*a - 15. Is c(t) composite?
False
Let i(r) = 655*r - 2. Let o be i(1). Suppose 0 = -3*j + 5*v + 2636, 2*j - 2*v - o = 1103. Is j composite?
False
Suppose -5*v - 3466 = -q + 352, 4*q + 3*v = 15157. Is q a prime number?
True
Let i(j) = -158*j**3 - j**2 + j + 1. Suppose 5*h + 1 + 5 = -l, 3*h = 4*l + 1. Is i(h) composite?
False
Let s = 109 + -217. Let d = s + 239. Is d composite?
False
Let d = -44 - -50. Suppose d*b = -0*b + 1590. Is b a composite number?
True
Suppose d - 6 = z, -z = -5*d + z + 15. Let s be (d - (-2 + 1)) + 2. Suppose 3*n = b - 408, 0*b + s*n + 806 = 2*b. Is b a composite number?
True
Let j = -27420 - -40483. Is j a composite number?
False
Let p(d) = d**3 - 7*d**2 + 3*d - 18. Let b be p(7). Suppose 4244 = -b*o + 7*o. Is o prime?
True
Suppose 0 = -2*w - 5*t + 2 + 172, 4*w + 2*t = 316. Let h(o) = -81*o + 4. Let d be h(-4). Let s = d - w. Is s prime?
True
Let h(x) = -143*x + 2. Suppose -4*k - 7 = -b, 5*k - 3*b + 14 = -0. Is h(k) a prime number?
False
Let l = 10591 + -5982. Is l composite?
True
Is -7 - (-1360 - (-32)/(-4)) a composite number?
False
Suppose 6*y + 4191 = 3*p + 3*y, -4*p - y = -5598. Is p a prime number?
True
Suppose -5*w = 15, 3*w = -102*l + 100*l + 149837. Is l a prime number?
True
Let c(k) = k**3 + k**2 + k + 1. Let p(w) = 47*w**3 - 3*w**2 - w - 1. Let a(n) = -4*c(n) - p(n). Is a(-2) composite?
True
Let o(b) = -297*b - 3. Let i be o(-2). Suppose 4*a - 1381 = i. Is a prime?
False
Is (-17037 + 1)*(4 + (-153)/36) prime?
True
Let z = -391 - -865. Suppose 3*k - 5*k + z = 0. Suppose 3*j + 2*w = k, j + 2*w - 106 + 27 = 0. Is j a composite number?
False
Let u(t) = -t**3 + 22*t**2 - 15*t + 5. Is u(18) composite?
False
Let j = 1013 - 1521. Let i = 731 + j. Is i prime?
True
Let s = 31 - 21. Let u be (-6)/(-4) + (-7935)/s. Let n = -313 - u. Is n a prime number?
True
Suppose 4*x - 5*b + b = 29112, 0 = b - 1. Is x prime?
False
Suppose 15*z + 11984 = 4*q + 13*z, -8987 = -3*q + z. Is q composite?
True
Let d(g) = g**2 + 15*g + 5. Suppose v = -8 - 2. Let r be d(v). Let q = r - -132. Is q a composite number?
True
Suppose -6*z + 498 = -8*z. Let d = z + 120. Let h = -50 - d. Is h a composite number?
False
Suppose -9 = 4*t - 89. Let y = t + -20. Suppose 5*u - 1595 = -q, 2*q - 5*q = y. Is u prime?
False
Let u(a) = 5*a**3 + 10*a**2 - 15*a + 81. Is u(14) composite?
False
Let d = -3030 + 5893. Is d a prime number?
False
Suppose 4*y + 5 = 5*y. Let z = -1571 - -3966. Suppose y*t - z = -0*t. Is t composite?
False
Let q(f) = f**3 - f**2 + 106*f + 1. Is q(19) a prime number?
True
Let o = -12 + 2. Is (o/40)/((-2)/296) a composite number?
False
Let i = -30 + 89. Is i composite?
False
Is (-20)/80*(-204)/1 composite?
True
Let a(v) = -30*v - 21. Suppose -t - 8 = 2*k - 0*k, 0 = 3*t - k + 24. Is a(t) prime?
False
Let z(g) = g**2 + 2. Let q be z(2). Let c(n) = 44*n**2 + 9*n + 5. Let o be c(-6). Suppose -q*s = -s - o. Is s a composite number?
False
Let w = -14 + 14. Suppose 4*b - 35 = -5*r, -b + 17 = 4*r - w. Suppose -3*y + 247 = -4*o - 60, -501 = -b*y + 4*o. Is y composite?
False
Suppose r + 5*x = 2974, -r - x = -3*r + 6003. Is r a composite number?
False
Suppose 0 = 8*m - 111650 - 4502. Is m a composite number?
False
Let d be (-1)/((-12)/(-15) - 1). Suppose -d*w + 343 = -2*f, f - w = -2*w - 189. Let k = f - -437. Is k a composite number?
True
Let b(f) = 2*f**3 - 2*f**2 - f + 2. Let v be b(2). Let q be (-14)/(-6) + v/12. Suppose q*a + 3*l = 981, l + 0*l - 656 = -2*a. Is a prime?
False
Let r = 17 - -1. Suppose 17*g = r*g - 177. Is g a composite number?
True
Is 0*5/(-15) + (1100 - 1) a composite number?
True
Let s be (-5 - 102/(-24))*-8. Is (705 + 1)*(15/s + -2) a composite number?
False
Let y(b) = b**2 + 4*b - 5. Let p be y(3). Suppose k - 92 = -p. Suppose -5*j + 366 = k. Is j a composite number?
True
Suppose -4*b = 2*n - 4128, 0 = -0*n - n + 3*b + 2084. Suppose 5*i - n = i. Let k = 897 - i. Is k composite?
False
Suppose -21*g + 9745 = -16*g. Is g prime?
True
Is 2 - (-6 + (-7244)/(-8)*-42) prime?
True
Let w = 39 - -7. Let f = w + 271. Is f prime?
True
Suppose -4*x = -16192 - 15124. Is x a composite number?
False
Suppose 0 = 2*b + 3*s - 1681, 6*b - 5*s = 3*b + 2512. Is b composite?
False
Suppose 0 = -3*u + 2*b + 97, -2*b + 36 = u + b. Is 6/u - (-11414)/22 prime?
False
Let q = 5434 + 573. Is q a composite number?
False
Let r(l) = -l**3 + l**2 + 145. Let b = 8 + -8. Is r(b) composite?
True
Suppose y = p + p - 6, -4*p = -4*y - 16. Let l be 6*((-39)/(-9) - 4). Suppose 1134 = 2*t + 7*o - p*o, 1118 = l*t + o. Is t prime?
True
Let s be 7 + 19 - (-2 + 7). Let f(z) = -z**3 + 21*z**2 + 34*z + 25. Is f(s) composite?
False
Is 48/(-144)*(1 - 2554) a composite number?
True
Let d(r) = -r**2 - 8*r + 8. Let n be d(-8). Is (204/n)/((-2)/(-4)) a composite number?
True
Suppose -j - 22110 = -5*y, -3*y - j + 11493 + 1765 = 0. Is y composite?
False
Let k(f) = 29*f + 245. Is k(30) composite?
True
Suppose -14*n + 22*n = 38120. Is n composite?
True
Is (-3)/9 + (-59068)/(-12) - 3 prime?
True
Let c be (-4)/(1/((-12)/16)). Suppose 0 = -9*y + c*y + 5118. Is y composite?
False
Let x(d) be the second derivative of -38*d**3/3 + d**2/2 - 9*d. Is x(-5) a prime number?
False
Suppose -4*z + 14 = -3*l, 10 = 3*l + 4*z + 32. Suppose -5*k + 9 = 19. Is (k + 508)/(l/(-3)) prime?
False
Let s(y) = -y**2 + 4*y + 3. Suppose -9*m + 10*m = 4. Let d be s(m). Suppose d*i - l - 3518 = -0*l, 1161 = i + 2*l. Is i prime?
True
Suppose 3*h + 2*h = 0. Let n be (4/(-6) + h)*3. Is (-4)/n + (1 - -476) a prime number?
True
Let j = -3 - -5. Let z be (-3)/(-3)*j - -1. Is 0 + (z - 412/(-4)) composite?
True
Let h = 42 + -39. Suppose -2*c - h*c + 710 = 0. Is c a composite number?
True
Let f(m) = -m + 14. Let d be f(9). Suppose 40 = -d*k + 10. Is (-4)/k + (-3786)/(-18) a composite number?
False
Suppose -23 - 7 = 3*o. Suppose -28 = -b + 21. Let j = b - o. Is j a composite number?
False
Let q(y) = y**3 + 2*y**2 + 5*y + 14. Let m(d) = -d**2 - d - 1. Let b(j) = 6*m(j) + q(j). Let u be b(4). Suppose 0 = 3*x - u*x + 59. Is x composite?
False
Let g = -19 + 25. Suppose -2*z = -g - 310. Is z prime?
False
Let u = 12513 + -7890. Suppose -6*b + u = -1599. Is b prime?
False
Let o be 3 - 7/((-21)/99). Let f = o + 27. Is 7 + 1 + f/21 a composite number?
False
Let c = 11 - 9. Suppose c*b + 4250 = -4*w, -5*b + b + 3*w - 8467 = 0. Let y = -1424 - b. Is y a composite number?
True
Let p(u) = -110*u**3 - 3*u**2 - 14*u - 5. Is p(-6) prime?
False
Let p be ((-7)/(-2))/(3/(-18)). Let f be (p/6)/7*4. Is f/(16/(-28))*22 a prime number?
False
Let z be 0 - (3 + 10 + 3). Let x = 21 + z. Let d(m) = 27*m**2 + 3*m - 5. Is d(x) a composite number?
True
Let j(g) = 21*g**2 + 5*g + 23. Is j(-10) prime?
False
Suppose -2*a + 12475 = 3*x, -a - 5*x + 4*x + 6238 = 0. Is a composite?
True
Let z(r) = 129*r**2 - 3*r + 1. Let t be z(2). Suppose 0 = b + j - 0*j - t, -2*b = -2*j - 1026. Suppose 533 + b = 5*y. Is y prime?
False
Let p = -861 - -1740. Is p composite?
True
Suppose -9*l + 14*l = 5*j - 38730, -5*j = 4*l - 38775. Is j composite?
True
Let b = -113 - -113. Suppose b = 8*c - 1270 - 2082. Is c prime?
True
Suppose 4*q = q. Suppose -n + 19 + 172 = q. Is n a prime number?
True
Suppose 0*a = -a + 5, -3*a = 3*w - 69. Suppose 0 = 4*n + 16, -s - 7*n - w = -2*n. Suppose -s*l = -42 - 284. Is l a prime number?
True
Let t = 9 + -18. Is ((-1538)/(-6))/((-3)/t) a composite number?
False
Let a = 224 - 108. Suppose 0 = 3*t - 317 + a. Is t prime?
True
Let u(n) = n**3 + 3*n**2 + 6*n - 5. Let m be u(4). Suppose -m + 385 = 2*d. Is d composite?
False
Suppose 2*i - 180 = -0*i - 5*c, -3*i + 2*c + 232 = 0. Suppose 78*m + 2402 = i*m. Is m a composite number?
False
Let w be (-272)/(-8) + (-1 - 1). Suppose 6*v + w = 8*v. Is 1266/v - 2/16 composite?
False
Suppose -2975543 = -75*d - 421118. Is d composite?
True
Suppose -76855 = -5*l - 5*q, 0*l = -5*l - q + 76863. Is l prime?
True
Let r = -20 + 17. Let s = -9 - r. Is (27/(-18))/(s/316) prime?
True
Suppose -34*g + 42*g - 2680 = 0. Is g a composite number?
True
Let u = -1106 - -1650. Suppose 0 = -5*y + 4759 - u. Is y prime?
False
Let n(j) = 13*j**2 - 10*j + 18. Suppose -5*i =